actors of w?
3, 13, 23
Let y be (8/(-6))/(7/(-63)*6). Suppose y*v - v = 3, 3*b = -3*v + 1782. What are the prime factors of b?
3, 197
Suppose 2*s - 9 = -s. Let p = -744 - -872. Suppose 4*l + 5*u - p = 0, s*u - 44 = -2*l + 18. List the prime factors of l.
37
Let q(m) = -62*m - 20. Let p be q(-11). Let c = -67 + p. What are the prime factors of c?
5, 7, 17
Suppose -48134 = -3*b + 260*r - 261*r, -r + 2 = 0. What are the prime factors of b?
2, 3, 7, 191
Suppose -4*l = -x + 16, -5*l = -4*x + 16 + 26. What are the prime factors of (-728 + (x - 1))*-1?
7, 103
Suppose 42*q = 1167930 - 164340. List the prime factors of q.
3, 5, 59
Let u = 202 + 8010. List the prime factors of u.
2, 2053
Let s(c) = -8*c + 82. Suppose -13*d - 765 = -232. List the prime factors of s(d).
2, 5, 41
Let x(p) = 3*p + 62. Let m be x(-19). Suppose -3*t = -m*r - 238, 4*t + 2 = -5*r + 331. Let q = t - 22. List the prime factors of q.
59
Let i = 50 + -38. Suppose 2*u = -i*u + 3038. List the prime factors of u.
7, 31
Let r = -107 + 43. Let w be (-10)/3 + r/(-48). What are the prime factors of 4 - (w - -33)*-1?
5, 7
Suppose -h - 3*c + 10 = 0, 6*h = 4*h + 4*c + 30. Let k(n) = n**2 + 9*n - 1. What are the prime factors of k(h)?
3, 5, 19
Suppose 11 = 5*f + 1. Let d be f/6 + 10/6. Suppose u - 9 = d*b, -b + 19 = 3*u - 29. What are the prime factors of u?
3, 5
Let f(a) = -3091*a**3 + 3*a**2 + a - 14. What are the prime factors of f(-2)?
2, 7, 883
Let q = 1113 - 631. Suppose 6*w = 7*w - q. What are the prime factors of w?
2, 241
Let l be 116/29 - (1 + -5653). Suppose 53*b + l = 57*b. List the prime factors of b.
2, 7, 101
Suppose 158464 = 26*t - 225712. List the prime factors of t.
2, 1847
Let c(b) = 53*b**2 + 27*b - 32. Let q = 623 - 618. List the prime factors of c(q).
2, 3, 7, 17
Suppose j + 2*w - 663 = 1382, 3*w + 6126 = 3*j. Suppose j = 3*i - 3*f, 6 = -3*f + f. What are the prime factors of i?
2, 3, 113
Let h = -28 - -34. Suppose -4*v = -11*v + 4725. Suppose -11*a = -h*a - v. List the prime factors of a.
3, 5
Let m be (-711)/(-81) + 4/18. Suppose 7*s - m*s = -304. List the prime factors of 3/8 - (-1919)/s.
13
List the prime factors of 131112/14 + (-58)/406.
5, 1873
What are the prime factors of (5721*6/45)/(80/200)?
1907
Let c(r) be the third derivative of -2*r**4/3 - 21*r**3 + 123*r**2. What are the prime factors of c(-11)?
2, 5
Let i = 6610 + -2557. List the prime factors of i.
3, 7, 193
Let y be (-375)/(-40) - 24/64. Suppose 6*v - 6660 = -y*v. List the prime factors of v.
2, 3, 37
Let r(a) = a + 2. Let f be r(-20). Let v = f - 63. Let w = v - -129. List the prime factors of w.
2, 3
Let d(f) = -57*f - 27. Let l be -18 + -4*1*8/(-32). What are the prime factors of d(l)?
2, 3, 157
Let o(b) = -b**3 - 6*b**2 + 5*b. Let x be o(-10). Let w = 601 - x. List the prime factors of w.
251
Let q(i) = 2*i**2 + 39*i - 330. Let x = 312 + -351. List the prime factors of q(x).
3, 397
Let y(v) = 48*v - 3. Let s = 92 + -71. Suppose 2*c + s = 7*c - r, 0 = -c + 3*r + 7. List the prime factors of y(c).
3, 7
Let m(v) = -9*v + 32. Let o(x) = -5*x + 15. Let f(r) = 4*m(r) - 7*o(r). Let i be -2 - (-12 - (-2 - -1)). List the prime factors of f(i).
2, 7
Let g = -3477 + 5194. What are the prime factors of g?
17, 101
Let d be (7/(-14))/((-1)/(-1194) - 0). Let s = d - -1030. What are the prime factors of s?
433
Let b be (-8 - 16)*((-19)/(-3) - -1). What are the prime factors of (1 + 4 + 0)/((-4)/b)?
2, 5, 11
Suppose 0 = -z - 2 + 4. Suppose -4*j - d + 538 = 0, z*j + d - 266 = 2*d. Let w = j + 64. List the prime factors of w.
2, 3, 11
Let q(w) = 437*w**3 - w**2 + 4*w - 2. Suppose 15*p - 15 = -0. What are the prime factors of q(p)?
2, 3, 73
Let u(o) = -28*o + 116. Let n be u(-6). Let v = n - -107. List the prime factors of v.
17, 23
Suppose 33*a = 21*a + 12228. Suppose -817 = -12*m + a. List the prime factors of m.
3, 17
Let y be (2 + -8)*(-733)/2. Let b be (-2)/(-5) + (y/15 - 2). Suppose r - 80 = -v, 5*r - b = -2*v - 0*v. What are the prime factors of v?
5, 17
Let u(x) = -x**3 + 3*x**2 + 7*x - 2. Let n be u(-2). Let w(l) = -3*l + 2. Let q be w(8). What are the prime factors of (q - 2)*((-222)/18 + n)?
2, 5
What are the prime factors of 765/306 - 1217/(-2)?
13, 47
What are the prime factors of ((-176)/12)/((-245140)/(-18858) + -13)?
2, 11, 449
Let s = 2709 - -3216. What are the prime factors of s?
3, 5, 79
Suppose -34 = 5*q - 6*q + 3*y, -4*q + 68 = 5*y. Suppose 1206 = q*c - 18330. What are the prime factors of c?
2, 3, 37
Let w(b) = 8*b**2 - 18*b. Let o be w(5). Suppose 2*i + o - 676 = -4*f, -3*f = -2*i + 573. What are the prime factors of i?
3, 5, 19
Let d(t) be the first derivative of 13*t**3/3 - 3*t**2/2 - 53*t + 226. List the prime factors of d(-6).
433
Let p = 16418 + -9920. What are the prime factors of p?
2, 3, 19
Suppose 15779*a - 11008 = 15778*a. What are the prime factors of a?
2, 43
Let f be 6*(-5)/45*-3. Suppose 0*r - 3*r = -f*x + 1324, 2*x + 3*r - 1348 = 0. Let i = x - 442. List the prime factors of i.
2, 113
What are the prime factors of (-3252078)/(-418) + -3*4/132?
2, 5, 389
Let v(b) = 732*b**2 + 124*b - 833. What are the prime factors of v(7)?
7, 23, 223
Let r(c) = 5*c - 108. Let g be r(22). List the prime factors of -326*1*(-3 + 1)/g.
2, 163
Let l = -75 + 82. Let p = 2348 - 1420. Suppose l*c - p = -c. What are the prime factors of c?
2, 29
Let z(g) = 123*g + 31. Suppose -5*v - 27 = -52. What are the prime factors of z(v)?
2, 17, 19
What are the prime factors of (18 + -160)/((-1)/41)?
2, 41, 71
Suppose -4*b + 2*l + 28 = -l, -b + 4*l = -20. Suppose -b*j + 4*r + 157 = 3*r, 0 = 4*r + 20. Let y = j + 15. List the prime factors of y.
53
Let s(j) = -j**3 + j**2 + 37. Let t be (-1)/(-2)*(-156)/8*4. Let q = -39 - t. List the prime factors of s(q).
37
List the prime factors of 1 - (34475/(-28))/(4/48) - -5.
3, 13, 379
Let o(t) = -t**3 - 24*t**2 + 14*t + 25. Let i be o(-25). What are the prime factors of 18/(3 + 6)*(i + -1)?
2, 13, 23
Suppose 2*d - 2*i + 722 = 0, -2*d - 3*d = 3*i + 1781. Let c = 209 - d. List the prime factors of c.
3, 7
Suppose 84*t = 90 + 414. Let s = 4 + -6. Let g = s + t. What are the prime factors of g?
2
Suppose 10*j = 9*j + 1. Let n(i) = 3 + 40*i**2 - 1825*i - 6 + 1828*i. List the prime factors of n(j).
2, 5
Suppose 96*g + 184*g = 28*g + 2288412. What are the prime factors of g?
3, 1009
Let y(b) = 35*b**3 - 110*b + 98. What are the prime factors of y(10)?
2, 89, 191
Suppose 4*j - 78 = l + 1282, -l - 1021 = -3*j. Suppose -444 - j = -9*d. List the prime factors of d.
3, 29
Let o = -3874 + 3836. Let r(z) = z - 2. Let s be r(0). What are the prime factors of (s - -1)/(0 - (-2)/o)?
19
Let g = 38303 - 9430. List the prime factors of g.
13, 2221
Let v(x) = 155*x**2 - 7*x - 8. Let t be v(-1). Suppose 828 = -t*b + 166*b. What are the prime factors of b?
3, 23
Let q = 418 + -406. Suppose q*a + 24381 = 55*a. List the prime factors of a.
3, 7
Let s be (-369)/(-15) + (-4)/(-10). Suppose s*i = 5*i + 780. List the prime factors of i.
3, 13
Let g(l) = 660*l**2 + 8*l + 6. Suppose z - 20 + 21 = 0. What are the prime factors of g(z)?
2, 7, 47
Let g = -249 + 255. Suppose -2481 = -g*h + 987. List the prime factors of h.
2, 17
Suppose -2*p + 8*p - 168 = 0. Let o be 2/(18/p + 10/(-70)). Suppose z = o*z - 684. List the prime factors of z.
2, 3, 19
Suppose 103*n = 82353 + 150715 + 210553. List the prime factors of n.
59, 73
Let s(o) be the third derivative of 2*o**5/15 + o**4/24 - 5*o**3/6 - 19*o**2. Let i be s(3). Let g = i - -17. List the prime factors of g.
3, 29
Suppose s = 2*g - 76233 + 3616, -4*g = -4*s - 145248. What are the prime factors of g?
5, 53, 137
Let n(c) = 102*c**2 + 3. Let m be n(-3). Suppose -4*p - 105 = -m. Suppose j - 4*j = -p. List the prime factors of j.
2, 17
Let f = -12124 + 24044. Suppose 8*y - f = 2672. List the prime factors of y.
2, 3, 19
Let q = 7326 - 1982. What are the prime factors of q?
2, 167
Let k = -10252 + 16048. List the prime factors of k.
2, 3, 7, 23
Suppose g = 3*g. Suppose -4*p + 16 = g, -2*v + 66 = -3*p - 476. List the prime factors of v.
277
List the prime factors of (38/(-66) - 8/(-12)) + (-17719134)/(-561).
5, 6317
Let g(b) = -9*b**2 + 1398*b + 25. What are the prime factors of g(33)?
2, 7, 53
Suppose -2*w - 3*k + k + 28 = 0, -2*w - 3*k = -23. Suppose w*c - 1987